f = 210 + x. Calculate the highest common factor of 11 and f.
11
Let m be (16/(-3))/(2/(-36)). Let f = 13 - 10. Suppose c + 3*r - 11 = 4*r, 0 = -f*c - r + 37. Calculate the greatest common factor of c and m.
12
Let a = 11 + 40. Calculate the highest common divisor of a and 34.
17
Suppose 0 = -z - 2*z, 3*o - 2*z = -30. Let u = 13 + o. What is the highest common factor of u and 30?
3
Suppose 77 = 3*v + v + 3*s, 4 = -4*s. What is the highest common factor of v and 60?
20
Suppose 23 = 3*i - 4. What is the greatest common factor of i and 90?
9
Suppose 4 = 4*p, -2*v = -p - 4*p - 21. Suppose -v*r - 152 = -15*r. Calculate the greatest common factor of r and 19.
19
Let y be -5*70/(-25)*3/2. Calculate the greatest common factor of y and 49.
7
Let o(i) = 8*i - 2. Let q be o(5). What is the greatest common divisor of q and 152?
38
Suppose -2*d + 13 = 5. Suppose d*o - 60 = -2*a, -5*o + 3*a + 61 = 2*a. What is the greatest common factor of o and 26?
13
Let f be -4 + 3 + 19 + 0. Suppose -t = -f - 6. What is the greatest common factor of t and 36?
12
Let j be (-1 - 2/(-1)) + 9. Suppose -38 = -3*c - 4*n - 0*n, 0 = -2*n + 4. Calculate the highest common factor of c and j.
10
Suppose -14 = u + u. Let i = -1 - u. Let j(k) = -19*k**3 + 2*k + 1. Let t be j(-1). Calculate the highest common factor of i and t.
6
Suppose -4*s + 34 = -26. Suppose -l + 86 = -79. Calculate the greatest common factor of l and s.
15
Let n = -21 - -13. Let a = 28 - n. What is the highest common factor of 54 and a?
18
Suppose -125*m = -121*m - 32. What is the greatest common divisor of 28 and m?
4
Let m be (-18)/(-63) - (-500)/14. Suppose 0 = 3*c + o - 7, -2*c + 7 = -0*c + 3*o. Suppose 2*u = -c*u + m. What is the greatest common factor of u and 63?
9
Let j be -6*(0 - 1)/(6/10). Calculate the highest common divisor of j and 10.
10
Let q(h) = -34*h - 8. Let a be q(-6). Suppose -3*u + 2*m = 2*u - a, -194 = -5*u + 3*m. Calculate the highest common divisor of u and 10.
10
Let x(t) = -4*t + 2. Let q be x(-1). Let s(k) = 6*k**2 - 5*k + 3. Let d be s(3). What is the greatest common divisor of d and q?
6
Let x = -9 + 5. Let h be 1*x*(-3 - -2). Let z(y) = y**3 - 2*y**2 - 3*y - 3. Let d be z(h). Calculate the highest common factor of d and 68.
17
Let w = 14 + -23. Let g(y) = -y**2 - 13*y - 1. Let q be g(w). What is the highest common factor of 7 and q?
7
Suppose 0*a + 3*a - 61 = 5*t, -2*a = -4*t - 44. What is the highest common factor of 4 and a?
4
Suppose -7*g + 168 = -3*g. Calculate the greatest common divisor of g and 6.
6
Let o be 2/(-7) - (-172)/14. What is the greatest common divisor of 72 and o?
12
Let w(a) = -8*a + 1. Let g be w(-4). Let v(i) = -i**2 - 4*i + 3. Let r be v(-4). What is the highest common factor of r and g?
3
Let a be (-3 + -2 + 2)*-1. Suppose -l - a = -4*l. Let b be (-9)/(-1) + (l - 1). What is the greatest common divisor of b and 72?
9
Let b(k) = -21*k - 4. Suppose 4*r - 8 = q - 2*q, -23 = 5*q - r. Let x be b(q). What is the greatest common divisor of x and 16?
16
Suppose -w + 2*i = 3*i - 11, -37 = -3*w - i. Suppose -4*o + 91 + 65 = -5*s, 2*o + 3*s = 78. Calculate the greatest common divisor of o and w.
13
Let c be (-4)/(-6) + (-40)/(-12). Suppose -o + c*y - 5*y + 7 = 0, 2*o = -y + 18. What is the highest common divisor of o and 55?
11
Suppose 10 = -0*f + 2*f. Let j = 8 - f. Let s = 5 - j. What is the highest common factor of s and 2?
2
Suppose -3*o + 6 + 12 = 0. Let j(z) = -z + 21. Let n be j(18). Calculate the greatest common divisor of n and o.
3
Suppose 0 = -12*o + 474 + 1026. What is the highest common divisor of 25 and o?
25
Let s be 4 - (3 + -1) - -2. Calculate the highest common divisor of 4 and s.
4
Let y(h) = 16*h + 3. Let p be y(2). Calculate the greatest common divisor of 14 and p.
7
Let i(q) = q**2 - 3*q - 3. Let d(w) = 4*w + 1. Let j = 4 - 5. Let c be d(j). Let z be i(c). What is the highest common divisor of z and 5?
5
Let l = 8 - -1. Calculate the greatest common divisor of l and 18.
9
Suppose 3 = -t + 4*t, 3*t = w - 4. Suppose -3*k = 3*c - w*k - 64, 0 = -c + 3*k + 13. What is the highest common divisor of c and 42?
14
Let d(j) = -j**3 - 7*j**2 + 9*j - 11. Let f(m) = -3*m - 7. Let l be f(-7). Let r = 5 - l. Let n be d(r). Calculate the greatest common divisor of 10 and n.
10
Let v be (6/9)/((-2)/(-9)). Let d = -1 + 5. Suppose v*b - 25 = -i - 0*i, -d*i + 45 = b. Calculate the greatest common factor of 50 and i.
10
Suppose 2*s - 4*b = 25 - 113, 5*s + 164 = -4*b. Let g be ((-44)/12)/(2/s). What is the greatest common divisor of 6 and g?
6
Suppose 4*d = -d + 505. Suppose -d = -5*v + 2*i, -2*v + 5*i = v - 53. Calculate the highest common factor of v and 7.
7
Suppose s + 3*j = 60, -s - j = -29 - 23. What is the highest common factor of 24 and s?
24
Let g(c) = c. Let w be g(5). Suppose -5*d + 4*p = 79, w = -d + p - 11. Let z be (d/10)/(3/(-92)). Calculate the highest common divisor of 115 and z.
23
Let l be ((-8592)/20)/(-6) - (-4)/10. Calculate the greatest common factor of l and 8.
8
Suppose -52 = -4*x - 5*v, -2*x + 2*v + 7 + 1 = 0. Let u(s) = s**3 + 6*s**2 - 8*s + 1. Let a be u(-7). Calculate the highest common divisor of a and x.
8
Let z(n) = -2*n - 8. Let b(q) = -4*q - 5*q - 1 + 4 + 4*q. Let r be b(2). Let u be z(r). Calculate the highest common divisor of 54 and u.
6
Let x = -26 + 36. Suppose -3*y + 49 = x. What is the greatest common factor of y and 65?
13
Suppose -y + 6*y - 210 = 0. What is the greatest common factor of 6 and y?
6
Let a = 214 - 49. Calculate the highest common factor of a and 15.
15
Suppose 2*j - 3*r = 87, -4*r = -0 - 12. Suppose w = -3*a - 46, 28 = -5*a - w - j. Let b = -7 - a. What is the highest common factor of 8 and b?
8
Let k(x) = 55*x - 11. Let i be k(3). What is the highest common factor of 14 and i?
14
Let f(l) = 8*l - 20. Let p be f(8). Calculate the highest common factor of 4 and p.
4
Let u(m) = -m**3 + 6*m**2 - 2*m + 1. Let b be u(5). What is the greatest common factor of b and 32?
16
Let f = -103 + 178. Suppose -5*r = -0*r - f. Suppose 0*l - 660 = -4*l. Calculate the highest common divisor of l and r.
15
Let y be 0 - (-1 - 1*4). Suppose 2*h - y = -1. Let l(x) = -x**3 - 15*x**2 - 14*x + 4. Let c be l(-14). Calculate the greatest common divisor of c and h.
2
Let x be (-38)/(-8) + 5/20. Suppose x*p - 650 = -2*d, -4*p - d + 520 = -2*d. What is the highest common divisor of p and 13?
13
Let g be (-1)/3 - (-962)/6. Suppose 5*s - 4*d = g, -3*d + 2*d - 160 = -5*s. Suppose 3 = u - 5. Calculate the highest common divisor of s and u.
8
Let f = -3 + 4. Suppose -49 = -3*n - f. Calculate the highest common divisor of 4 and n.
4
Let x(h) = h**2 - 3*h - 6 + 9*h - 2*h**2. Let o be x(4). Suppose 3*z - 12 = 12. What is the greatest common factor of z and o?
2
Let v = 9 - 6. Suppose -h = 0, 2*t + 4*h - 85 = v. What is the greatest common factor of 66 and t?
22
Suppose 3*x + 118 = 4*x. Suppose -3*u - 12 = -0, 2*i - x = -2*u. Suppose 207 = 4*m + i. What is the highest common factor of m and 9?
9
Suppose -2*u = 4*i - 56 - 52, -4*u + 180 = -i. Calculate the greatest common factor of 23 and u.
23
Let o be -1 - (-5)/((-5)/3). Let v = o - -9. What is the highest common divisor of v and 25?
5
Let w(d) = d**2 + 5*d - 2. Let p be w(-6). Suppose u = h - 6, -p*u = -4 - 8. Calculate the greatest common divisor of 6 and h.
3
Let u(s) = s**3 + 112. Let y be u(0). What is the greatest common divisor of 16 and y?
16
Let o be (-12)/4 - (-37 - 0). Suppose -149 = -2*h - 47. What is the greatest common factor of o and h?
17
Let x(o) = 8*o**2 - 4*o**3 - 3*o - 6 + 2*o**3 + 2 + 3*o**3. Let y be x(-4). Calculate the greatest common divisor of 8 and y.
8
Suppose 41 = -7*z + 104. Suppose 33 = z*u - 6*u. Calculate the highest common factor of 88 and u.
11
Let x be ((-22)/(-4) - -2)*126/105. Calculate the greatest common factor of 9 and x.
9
Suppose k = 3*k - 6. Calculate the highest common divisor of k and 15.
3
Let t = 84 - 74. Calculate the greatest common factor of 4 and t.
2
Let z(x) = -4*x - 2. Let b be z(-5). Suppose -4*m + 2*n + 20 = -2, 0 = m + 2*n - b. Calculate the greatest common divisor of 24 and m.
8
Suppose 0 = -0*a + 4*a - 4. Suppose 0 = 2*t - 3*d - a, 0*t = 2*t - 2*d - 2. Calculate the greatest common factor of 10 and t.
2
Let x(z) = 2*z**2 - 4*z + 3. Let o 